(base 15) to base 2.
11011010010000100100110
What is -12323301003 (base 4) in base 6?
-102543043
What is 589548 (base 12) in base 7?
15060350
What is -42674 (base 8) in base 10?
-17852
What is -1440554 (base 6) in base 5?
-10130113
17a25 (base 13) to base 5
2430121
Convert 111011001000001001 (base 2) to base 13.
86308
Convert 2200021210 (base 3) to base 11.
36658
What is 1310400 (base 7) in base 13?
5c8b3
Convert -12562261 (base 9) to base 8.
-27452371
-122202022120 (base 3) to base 9
-582276
-10032131313 (base 4) to base 5
-240422311
570763 (base 8) to base 5
22134021
212034220 (base 5) to base 14
193660
What is -15103a (base 13) in base 14?
-d625a
What is 110989 (base 13) in base 11?
25470a
Convert 3503134 (base 6) to base 5.
21221204
-325970 (base 10) to base 12
-138782
-11110000100101011001 (base 2) to base 12
-3b6335
8c234 (base 14) to base 9
568308
Convert -2231112222 (base 4) to base 6.
-23115150
What is 1000000110011000001101 (base 2) in base 5?
1020421102
What is -21588 (base 16) in base 4?
-201112020
1663223 (base 7) to base 10
234041
What is 2344303 (base 6) in base 2?
11101111110101111
What is 12110200011002 (base 3) in base 16?
2c5a09
-133322132 (base 4) to base 14
-358d0
915817 (base 10) to base 7
10533010
Convert 5132500 (base 7) to base 14.
11d670
Convert 112020210011202 (base 3) to base 7.
121242533
Convert 11135635 (base 7) to base 10.
967237
Convert -6081 (base 10) to base 16.
-17c1
Convert -1440431144 (base 5) to base 16.
-3aa272
What is -10132333300 (base 4) in base 8?
-4367760
-2571313 (base 8) to base 7
-6045611
-113101103 (base 4) to base 15
-1d395
What is -1053ff (base 16) in base 6?
-34534023
What is -101212111102001 (base 3) in base 2?
-10110000010010111111110
523532 (base 9) to base 8
1137314
What is 4ca4d (base 16) in base 3?
120221122011
What is -304424 (base 5) in base 11?
-7561
8275 (base 13) to base 12
a50a
Convert 61003 (base 7) to base 8.
34640
150324020 (base 7) to base 15
d14dd5
Convert -11547a (base 11) to base 10.
-182918
What is -3738566 (base 9) in base 11?
-11699aa
10323030 (base 5) to base 10
89140
10131223301 (base 4) to base 12
485215
Convert 1473571 (base 9) to base 7.
6636436
Convert -132333000202 (base 4) to base 7.
-126016321
What is 22000121310 (base 4) in base 10?
2623092
What is 3758486 (base 10) in base 2?
1110010101100110010110
What is 1001111001101100010110 (base 2) in base 5?
1131024411
32505320 (base 6) to base 13
280c77
-214423043 (base 5) to base 13
-26a07a
Convert 490bab (base 12) to base 15.
185ab2
What is -1120110111 (base 3) in base 11?
-21291
What is 156d362 (base 14) in base 11?
5a11a01
What is -12202223 (base 5) in base 10?
-115938
Convert 5588116 (base 9) to base 4.
23133010302
Convert -430b16 (base 12) to base 14.
-1d7daa
Convert 37e9d (base 15) to base 7.
1343164
Convert 2da1b (base 15) to base 16.
23fc9
What is -422224033 (base 5) in base 3?
-10022022112210
201332022 (base 4) to base 13
4b447
2321221 (base 5) to base 2
1010010001001101
What is -100101101110000 (base 2) in base 5?
-1104222
What is -26438d (base 16) in base 5?
-1120221121
100123213 (base 4) to base 6
1235331
What is -68238 (base 10) in base 14?
-1ac22
-21122002201202 (base 3) to base 4
-33132121301
What is -3b0597 (base 12) in base 8?
-3561103
What is -21e503 (base 15) in base 4?
-12022331121
725760 (base 9) to base 10
430731
Convert -32421414 (base 8) to base 6.
-405030420
Convert 3021131020 (base 4) to base 7.
10004500
15147 (base 12) to base 14
aac7
Convert -69997 (base 10) to base 6.
-1300021
What is -144444221 (base 5) in base 15?
-1066e1
-13b638 (base 12) to base 5
-41042311
What is -11100100001111001011 (base 2) in base 15?
-136ede
-23153051 (base 6) to base 15
-e1bba
What is -1047552 (base 9) in base 11?
-355197
2060255 (base 7) to base 5
30443332
Convert c013a4 (base 13) to base 12.
15b0096
Convert 743ed (base 16) to base 12.
1ab665
-5600315 (base 11) to base 7
-146335554
Convert 101110020212222 (base 3) to base 12.
1a3b08b
-2aa17 (base 13) to base 8
-235642
What is -1002101002211 (base 3) in base 6?
-20220421
What is -11221211101222 (base 3) in base 12?
-a704a5
Convert -302001022013 (base 4) to base 11.
-7446219
Convert 101001111000001010 (base 2) to base 10.
171530
4322202 (base 5) to base 12
365ab
717064 (base 8) to base 5
30041413
Convert -3204350 (base 8) to base 13.
-23ba95
101041404 (base 6) to base 15
2431ea
1022100200102 (base 3) to base 11
435984
What is 105db0 (base 14) in base 16?
87506
What is -294969 (base 13) in base 6?
-33352023
Convert 6055412 (base 7) to base 3.
1100120101222
Convert -8260 (base 11) to base 10.
-10956
Convert f1e3 (base 16) to base 15.
13533
Convert -12154320 (base 6) to base 9.
-651813
Convert 20d00 (base 16) to base 6.
2514120
What is -30345b1 (base 12) in base 16?
-89c155
Convert 11ac24b (base 14) to base 12.
2a122b7
Convert -254532 (base 6) to base 8.
-55070
Convert -30132030212 (base 4) to base 3.
-20011002210102
-2257566 (base 8) to base 13
-18678c
Convert -2a9263 (base 11) to base 12.
-1b22aa
120212214 (base 5) to base 10
554059
Convert 230bb (base 15) to base 6.
2220235
-1144431410 (base 5) to base 2
-1010011011010100101011
What is -714a435 (base 11) in base 16?
-c0c906
1002110121 (base 4) to base 2
1000010010100011001
What is -1350404 (base 6) in base 8?
-225504
Convert 43113344 (base 5) to base 15.
72aee
What is 5617 (base 10) in base 6?
42001
32220ab (base 12) to base 13
1c78502
Convert -20121011210222 (base 3) to base 4.
-31120032023
Convert -343f0d (base 16) to base 15.
-4797c8
What is 10277710 (base 8) in base 12?
89a5a0
-2203200 (base 4) to base 5
-313324
What is -3243502 (base 6) in base 11?
-1003aa
Convert -110000100011011 (base 2) to base 15.
-7574
What is -1010270 (base 8) in base 16?
-410b8
Convert -2455680 (base 9) to base 12.
-545246
33214325 (base 7) to base 14
546985
-1022013330 (base 4) to base 3
-120102110220
Convert 186be4 (base 15) to base 9.
2208617
What is 10311013320 (base 4) in base 6?
43045520
What is -301606 (base 8) in base 7?
-562142
1312303 (base 8) to base 10
365763
Convert 5453342 (base 7) to base 16.
a340c
Convert -c268 (base 14) to base 11.
-23115
Convert -29a0100 (base 13) to base 6.
-1152354134
Convert 1020002102110 (base 3) to base 13.
19a5b6
Convert 3130031 (base 4) to base 12.
81a5
Convert -acd68 (base 15) to base 12.
-2261a5
What is 30721 (base 12) in base 9?
105667
What is -27053 (base 10) in base 11?
-19364
What is -24523436 (base 7) in base 9?
-4134438
Convert -1546312 (base 8) to base 14.
-b8598
Convert 141a124 (base 11) to base 7.
26525652
-10000010010100100000 (base 2) to base 3
-1000010020002
What is 11221132131 (base 4) in base 13?
3cabc9
What is 1b6bb2 (base 14) in base 11?
609740
What is 75c824 (base 13) in base 12?
b16942
Convert 1c6ba (base 14) to base 9.
120630
146f1e (base 16) to base 3
2112000222202
What is 11808 (base 16) in base 10?
71688
What is 2246087 (base 10) in base 6?
120050315
Convert -351082 (base 10) to base 16.
-55b6a
-326039 (base 11) to base 12
-21123b
69ba08 (base 16) to base 15
91d01e
What is 115a49a (base 12) in base 15?
46479a
What is -22965 (base 14) in base 2?
-10100100011001101
14424716 (base 8) to base 9
6160540
-44a (base 15) to base 5
-12340
-2357121 (base 8) to base 13
-1984b0
Convert -1120312 (base 4) to base 10.
-5686
What is -9996b5 (base 13) in base 11?
-2052525
-632a8 (base 12) to base 5
-13130031
Convert -1e9c1c (base 15) to base 12.
-604923
Convert 64c9 (base 15) to base 12.
10423
Convert 26b47 (base 15) to base 9.
208134
10341404214 (base 5) to base 14
16d8444
-334030 (base 9) to base 6
-4140513
Convert 201350421 (base 7) to base 6.
1054552240
2122012002 (base 5) to base 4
101013002010
-49ccc6 (base 14) to base 16
-26a48e
What is 10111000100100101011 (base 2) in base 10?
756011
What is -2112d0 (base 14) in base 16?
-110cc6
-12010103012 (base 5) to base 11
-7844239
What is 1756662 (base 9) in base 13?
285284
What is -211122210010 (base 3) in base 15?
-8c229
Convert -5a242 (base 11) to base 3.
-11102001221
Convert 31935 (base 10) to base 15.
96e0
Convert -111001110110001010 (base 2) to base 8.
-716612
-3b50 (base 15) to base 12
-7403
4373259 (base 12) to base 14
19c39d3
What is 100110000100011111101 (base 2) in base 3?
2100101020011
Convert -2255555 (base 7) to base 3.
